{"id":314,"date":"2015-12-24T01:20:08","date_gmt":"2015-12-24T00:20:08","guid":{"rendered":"http:\/\/ferien-am-atlantik.eu\/?page_id=314"},"modified":"2024-09-08T12:00:45","modified_gmt":"2024-09-08T10:00:45","slug":"die-vendee","status":"publish","type":"page","link":"https:\/\/ferien-am-atlantik.eu\/index.php\/die-vendee\/","title":{"rendered":"Die Vend\u00e9e"},"content":{"rendered":"<p>Die <strong>Vend\u00e9e<\/strong> ist eines von 5 D\u00e9partements der Loire-Region (Pays de la Loire) und mit mehr als 250 Kilometer abwechslungsreicher K\u00fcste und vielen sch\u00f6nen Str\u00e4nden eines der bedeutendsten Touristengebiete Frankreichs. Trotzdem ist diese Region in Deutschland viel weniger bekannt als z.B. die Bretagne.<br \/>\nDie Vend\u00e9e, urspr\u00fcnglich eine der \u00e4rmsten Regionen, hat sich durch den Tourismus erst sp\u00e4t und bis heute zu einer der meistbesuchten Regionen Frankreichs entwickelt. Orte wie Br\u00e9tignolles-sur-Mer oder Brem-sur-Mer haben sich dennoch ihren l\u00e4ndlichen Charme bewahrt. Bekannte gr\u00f6\u00dfere Touristenorte sind Saint Jean-de- Monts , Saint Gilles-Croix-de-Vie, Les Sables d\u2018Olonne , La Tranche-sur-Mer.<\/p>\n<p><strong>La Roche-sur-Yon<\/strong> ist der Verwaltungssitz der Vend\u00e9e. Das von Napoleon gegr\u00fcndete Gest\u00fct \u201eLe Haras de La Roche\u201c ist eines der \u00e4ltesten und sch\u00f6nsten Frankreichs.<\/p>\n<p>Ein einzigartiges Erlebnis ist eine Fahrt bei Ebbe von Beauvoir aus \u00fcber den <strong>Gois<\/strong> (ca. 4 km) zur Insel <strong>Noirmoutier<\/strong> mit seinem Sealand-Aquarium und dem eindrucksvollen Strand \u201ePlage des Demoiselles\u201c (Entfernung ca. 40 km). Bei Flut kann die Insel nur \u00fcber eine Br\u00fccke erreicht werden, da die Stra\u00dfe \u00fcber den Gois \u00fcberschwemmt wird. Beachten Sie unbedingt den Tidenkalender.<\/p>\n<p>Landschaftlich sch\u00f6n und f\u00fcr Angler, Wanderer und Mountain-Biker interessant ist der <strong>Lac de Jaunay<\/strong>.<br \/>\nDer kleinere <strong>Lac du Gu\u00e9 Gorand<\/strong> (Givrand) hat uns am besten w\u00e4hrend der Ginsterbl\u00fcte im Fr\u00fchjahr gefallen; zu Fu\u00df ist er innerhalb einer Stunde bequem umrundet.<\/p>\n<p>Besuchen Sie die Salzg\u00e4rten und den Zoo in <strong>Les Sables d\u2019Olonne<\/strong> oder unternehmen Sie eine Kanufahrt. Gehen Sie durch die Gassen der \u201eIle Penotte\u201c mit den vielen, mit bunten Muschelbildern geschm\u00fcckten, H\u00e4usern. Wassersportler kennen Les Sables als Ausgangspunkt der bekannten Segelregatta <strong>\u201eVend\u00e9e Globe\u201c,<\/strong> die alle vier Jahre stattfindet (n\u00e4chster Start der Weltumsegler: 10. November 2024).<\/p>\n<p>Golfspieler finden in L\u2019Aiguillon-sur-Vie einen 18-Loch Golfplatz,<strong> Golf<\/strong> des Fontenelles (ca. 15 km) und in Les Sables d&#8217;Olonne (Golf des Olonnes ca. 16 km) .<\/p>\n<p>F\u00fcr einen Tagesausflug bietet sich eine Schiffsfahrt von Saint Gilles Croix-de-Vie aus zur<strong> Ile d\u2019Yeu,<\/strong> mit Ihrem besonderem Mikroklima und dadurch besonderem Pflanzenwuchs, an. Auff\u00e4llig sind die zahlreichen Oldtimer, die Einheimische vor vielen Jahren auf die Insel brachten. Die Insel l\u00e4sst sich am besten mit dort gemieteten Fahrr\u00e4dern erkunden.<\/p>\n<p>Besuchen Sie mit Ihren Kindern den <strong>Bienenpark &#8220;La folie de finfarine&#8221;<\/strong> in Poiroux und erfahren Sie Interessantes \u00fcber Bienen, Landschaft und Wald in einer interaktiven Ausstellung.<\/p>\n<p>Begeben Sie sich auf eine Rallye (mehrsprachig) im Schlosspark<strong> La Guignardi\u00e8re<\/strong> in Avrill\u00e9 oder nehmen Sie an einer der Veranstaltungen im <strong>Ch\u00e2teau de Talmont<\/strong> (Mittelalterliche Burg des Richard L\u00f6wenherz) teil.<\/p>\n<p>Genie\u00dfen Sie einen gef\u00fchrten Ausflug mit einem der K\u00e4hne im Sumpfgebiet <strong>Le Marais Poitevin<\/strong>, auch genannt \u201edas gr\u00fcne Venedig\u201c z. B. von Chaill\u00e9-les-Marais oder Vouill\u00e9 aus (ca. 15000 ha Fl\u00e4che mit zahlreichen Kan\u00e4len.).<\/p>\n<p>Der Freizeitpark <strong>Le Puy du Fou<\/strong> (Entfernung ca. 90 km) umfasst ein Gel\u00e4nde von ca. 35 ha und bietet vielf\u00e4ltige Freizeitaktivit\u00e4ten und Vorf\u00fchrungen z.B. mit Raubv\u00f6geln und Pferden.<\/p>\n<p>Sehenswert sind auch das <strong>Ch\u00e2teau d&#8217;Apremont<\/strong>, die <strong>Kathedrale von Lu\u00e7on<\/strong>, der Hafen, die Altstadt und das Aquarium von <strong>La Rochelle <\/strong>und <strong>Nantes<\/strong>, die Geburtsstadt Jules Vernes, mit dem spektakul\u00e4ren Tiermaschinenpark (<strong>Les Machines de l&#8217;Ile<\/strong>).<\/p>\n","protected":false},"excerpt":{"rendered":"<p>Die Vend\u00e9e ist eines von 5 D\u00e9partements der Loire-Region (Pays de la Loire) und mit mehr als 250 Kilometer abwechslungsreicher K\u00fcste und vielen sch\u00f6nen Str\u00e4nden eines der bedeutendsten Touristengebiete Frankreichs. Trotzdem ist diese Region in Deutschland viel weniger bekannt als z.B. die Bretagne. Die Vend\u00e9e, urspr\u00fcnglich eine der \u00e4rmsten Regionen,[&#8230;]<\/p>\n","protected":false},"author":1,"featured_media":247,"parent":0,"menu_order":0,"comment_status":"closed","ping_status":"closed","template":"template-fullwidth.php","meta":{"footnotes":""},"class_list":["post-314","page","type-page","status-publish","has-post-thumbnail","hentry"],"yoast_head":"<!-- This site is optimized with the Yoast SEO plugin v27.4 - https:\/\/yoast.com\/product\/yoast-seo-wordpress\/ -->\n<title>Die Vend\u00e9e &#8211; Ferien am Atlantik<\/title>\n<meta name=\"robots\" content=\"index, follow, max-snippet:-1, max-image-preview:large, max-video-preview:-1\" \/>\n<link rel=\"canonical\" href=\"https:\/\/ferien-am-atlantik.eu\/index.php\/die-vendee\/\" \/>\n<meta property=\"og:locale\" content=\"de_DE\" \/>\n<meta property=\"og:type\" content=\"article\" \/>\n<meta property=\"og:title\" content=\"Die Vend\u00e9e &#8211; Ferien am Atlantik\" \/>\n<meta property=\"og:description\" content=\"Die Vend\u00e9e ist eines von 5 D\u00e9partements der Loire-Region (Pays de la Loire) und mit mehr als 250 Kilometer abwechslungsreicher K\u00fcste und vielen sch\u00f6nen Str\u00e4nden eines der bedeutendsten Touristengebiete Frankreichs. Trotzdem ist diese Region in Deutschland viel weniger bekannt als z.B. die Bretagne. Die Vend\u00e9e, urspr\u00fcnglich eine der \u00e4rmsten Regionen,[...]\" \/>\n<meta property=\"og:url\" content=\"https:\/\/ferien-am-atlantik.eu\/index.php\/die-vendee\/\" \/>\n<meta property=\"og:site_name\" content=\"Ferien am Atlantik\" \/>\n<meta property=\"article:modified_time\" content=\"2024-09-08T10:00:45+00:00\" \/>\n<meta property=\"og:image\" content=\"https:\/\/ferien-am-atlantik.eu\/wp-content\/uploads\/2015\/12\/Chateau-dOlonne-1-1024x768.jpg\" \/>\n\t<meta property=\"og:image:width\" content=\"1024\" \/>\n\t<meta property=\"og:image:height\" content=\"768\" \/>\n\t<meta property=\"og:image:type\" content=\"image\/jpeg\" \/>\n<meta name=\"twitter:card\" content=\"summary_large_image\" \/>\n<meta name=\"twitter:label1\" content=\"Gesch\u00e4tzte Lesezeit\" \/>\n\t<meta name=\"twitter:data1\" content=\"3\u00a0Minuten\" \/>\n<script type=\"application\/ld+json\" class=\"yoast-schema-graph\">{\"@context\":\"https:\\\/\\\/schema.org\",\"@graph\":[{\"@type\":\"WebPage\",\"@id\":\"https:\\\/\\\/ferien-am-atlantik.eu\\\/index.php\\\/die-vendee\\\/\",\"url\":\"https:\\\/\\\/ferien-am-atlantik.eu\\\/index.php\\\/die-vendee\\\/\",\"name\":\"Die Vend\u00e9e &#8211; Ferien am Atlantik\",\"isPartOf\":{\"@id\":\"https:\\\/\\\/ferien-am-atlantik.eu\\\/#website\"},\"primaryImageOfPage\":{\"@id\":\"https:\\\/\\\/ferien-am-atlantik.eu\\\/index.php\\\/die-vendee\\\/#primaryimage\"},\"image\":{\"@id\":\"https:\\\/\\\/ferien-am-atlantik.eu\\\/index.php\\\/die-vendee\\\/#primaryimage\"},\"thumbnailUrl\":\"https:\\\/\\\/ferien-am-atlantik.eu\\\/wp-content\\\/uploads\\\/2015\\\/12\\\/Chateau-dOlonne-1.jpg\",\"datePublished\":\"2015-12-24T00:20:08+00:00\",\"dateModified\":\"2024-09-08T10:00:45+00:00\",\"breadcrumb\":{\"@id\":\"https:\\\/\\\/ferien-am-atlantik.eu\\\/index.php\\\/die-vendee\\\/#breadcrumb\"},\"inLanguage\":\"de\",\"potentialAction\":[{\"@type\":\"ReadAction\",\"target\":[\"https:\\\/\\\/ferien-am-atlantik.eu\\\/index.php\\\/die-vendee\\\/\"]}]},{\"@type\":\"ImageObject\",\"inLanguage\":\"de\",\"@id\":\"https:\\\/\\\/ferien-am-atlantik.eu\\\/index.php\\\/die-vendee\\\/#primaryimage\",\"url\":\"https:\\\/\\\/ferien-am-atlantik.eu\\\/wp-content\\\/uploads\\\/2015\\\/12\\\/Chateau-dOlonne-1.jpg\",\"contentUrl\":\"https:\\\/\\\/ferien-am-atlantik.eu\\\/wp-content\\\/uploads\\\/2015\\\/12\\\/Chateau-dOlonne-1.jpg\",\"width\":4320,\"height\":3240,\"caption\":\"Ch\u00e2teau d'Olonne\"},{\"@type\":\"BreadcrumbList\",\"@id\":\"https:\\\/\\\/ferien-am-atlantik.eu\\\/index.php\\\/die-vendee\\\/#breadcrumb\",\"itemListElement\":[{\"@type\":\"ListItem\",\"position\":1,\"name\":\"Startseite\",\"item\":\"https:\\\/\\\/ferien-am-atlantik.eu\\\/\"},{\"@type\":\"ListItem\",\"position\":2,\"name\":\"Die Vend\u00e9e\"}]},{\"@type\":\"WebSite\",\"@id\":\"https:\\\/\\\/ferien-am-atlantik.eu\\\/#website\",\"url\":\"https:\\\/\\\/ferien-am-atlantik.eu\\\/\",\"name\":\"Ferien am Atlantik\",\"description\":\"vendeeholiday.de\",\"publisher\":{\"@id\":\"https:\\\/\\\/ferien-am-atlantik.eu\\\/#\\\/schema\\\/person\\\/078994da84bbb35ca6d97aa989b12731\"},\"potentialAction\":[{\"@type\":\"SearchAction\",\"target\":{\"@type\":\"EntryPoint\",\"urlTemplate\":\"https:\\\/\\\/ferien-am-atlantik.eu\\\/?s={search_term_string}\"},\"query-input\":{\"@type\":\"PropertyValueSpecification\",\"valueRequired\":true,\"valueName\":\"search_term_string\"}}],\"inLanguage\":\"de\"},{\"@type\":[\"Person\",\"Organization\"],\"@id\":\"https:\\\/\\\/ferien-am-atlantik.eu\\\/#\\\/schema\\\/person\\\/078994da84bbb35ca6d97aa989b12731\",\"name\":\"craynaud\",\"logo\":{\"@id\":\"https:\\\/\\\/ferien-am-atlantik.eu\\\/#\\\/schema\\\/person\\\/image\\\/\"}}]}<\/script>\n<!-- \/ Yoast SEO plugin. -->","yoast_head_json":{"title":"Die Vend\u00e9e &#8211; Ferien am Atlantik","robots":{"index":"index","follow":"follow","max-snippet":"max-snippet:-1","max-image-preview":"max-image-preview:large","max-video-preview":"max-video-preview:-1"},"canonical":"https:\/\/ferien-am-atlantik.eu\/index.php\/die-vendee\/","og_locale":"de_DE","og_type":"article","og_title":"Die Vend\u00e9e &#8211; Ferien am Atlantik","og_description":"Die Vend\u00e9e ist eines von 5 D\u00e9partements der Loire-Region (Pays de la Loire) und mit mehr als 250 Kilometer abwechslungsreicher K\u00fcste und vielen sch\u00f6nen Str\u00e4nden eines der bedeutendsten Touristengebiete Frankreichs. Trotzdem ist diese Region in Deutschland viel weniger bekannt als z.B. die Bretagne. Die Vend\u00e9e, urspr\u00fcnglich eine der \u00e4rmsten Regionen,[...]","og_url":"https:\/\/ferien-am-atlantik.eu\/index.php\/die-vendee\/","og_site_name":"Ferien am Atlantik","article_modified_time":"2024-09-08T10:00:45+00:00","og_image":[{"width":1024,"height":768,"url":"https:\/\/ferien-am-atlantik.eu\/wp-content\/uploads\/2015\/12\/Chateau-dOlonne-1-1024x768.jpg","type":"image\/jpeg"}],"twitter_card":"summary_large_image","twitter_misc":{"Gesch\u00e4tzte Lesezeit":"3\u00a0Minuten"},"schema":{"@context":"https:\/\/schema.org","@graph":[{"@type":"WebPage","@id":"https:\/\/ferien-am-atlantik.eu\/index.php\/die-vendee\/","url":"https:\/\/ferien-am-atlantik.eu\/index.php\/die-vendee\/","name":"Die Vend\u00e9e &#8211; Ferien am Atlantik","isPartOf":{"@id":"https:\/\/ferien-am-atlantik.eu\/#website"},"primaryImageOfPage":{"@id":"https:\/\/ferien-am-atlantik.eu\/index.php\/die-vendee\/#primaryimage"},"image":{"@id":"https:\/\/ferien-am-atlantik.eu\/index.php\/die-vendee\/#primaryimage"},"thumbnailUrl":"https:\/\/ferien-am-atlantik.eu\/wp-content\/uploads\/2015\/12\/Chateau-dOlonne-1.jpg","datePublished":"2015-12-24T00:20:08+00:00","dateModified":"2024-09-08T10:00:45+00:00","breadcrumb":{"@id":"https:\/\/ferien-am-atlantik.eu\/index.php\/die-vendee\/#breadcrumb"},"inLanguage":"de","potentialAction":[{"@type":"ReadAction","target":["https:\/\/ferien-am-atlantik.eu\/index.php\/die-vendee\/"]}]},{"@type":"ImageObject","inLanguage":"de","@id":"https:\/\/ferien-am-atlantik.eu\/index.php\/die-vendee\/#primaryimage","url":"https:\/\/ferien-am-atlantik.eu\/wp-content\/uploads\/2015\/12\/Chateau-dOlonne-1.jpg","contentUrl":"https:\/\/ferien-am-atlantik.eu\/wp-content\/uploads\/2015\/12\/Chateau-dOlonne-1.jpg","width":4320,"height":3240,"caption":"Ch\u00e2teau d'Olonne"},{"@type":"BreadcrumbList","@id":"https:\/\/ferien-am-atlantik.eu\/index.php\/die-vendee\/#breadcrumb","itemListElement":[{"@type":"ListItem","position":1,"name":"Startseite","item":"https:\/\/ferien-am-atlantik.eu\/"},{"@type":"ListItem","position":2,"name":"Die Vend\u00e9e"}]},{"@type":"WebSite","@id":"https:\/\/ferien-am-atlantik.eu\/#website","url":"https:\/\/ferien-am-atlantik.eu\/","name":"Ferien am Atlantik","description":"vendeeholiday.de","publisher":{"@id":"https:\/\/ferien-am-atlantik.eu\/#\/schema\/person\/078994da84bbb35ca6d97aa989b12731"},"potentialAction":[{"@type":"SearchAction","target":{"@type":"EntryPoint","urlTemplate":"https:\/\/ferien-am-atlantik.eu\/?s={search_term_string}"},"query-input":{"@type":"PropertyValueSpecification","valueRequired":true,"valueName":"search_term_string"}}],"inLanguage":"de"},{"@type":["Person","Organization"],"@id":"https:\/\/ferien-am-atlantik.eu\/#\/schema\/person\/078994da84bbb35ca6d97aa989b12731","name":"craynaud","logo":{"@id":"https:\/\/ferien-am-atlantik.eu\/#\/schema\/person\/image\/"}}]}},"_links":{"self":[{"href":"https:\/\/ferien-am-atlantik.eu\/index.php\/wp-json\/wp\/v2\/pages\/314","targetHints":{"allow":["GET"]}}],"collection":[{"href":"https:\/\/ferien-am-atlantik.eu\/index.php\/wp-json\/wp\/v2\/pages"}],"about":[{"href":"https:\/\/ferien-am-atlantik.eu\/index.php\/wp-json\/wp\/v2\/types\/page"}],"author":[{"embeddable":true,"href":"https:\/\/ferien-am-atlantik.eu\/index.php\/wp-json\/wp\/v2\/users\/1"}],"replies":[{"embeddable":true,"href":"https:\/\/ferien-am-atlantik.eu\/index.php\/wp-json\/wp\/v2\/comments?post=314"}],"version-history":[{"count":11,"href":"https:\/\/ferien-am-atlantik.eu\/index.php\/wp-json\/wp\/v2\/pages\/314\/revisions"}],"predecessor-version":[{"id":2174,"href":"https:\/\/ferien-am-atlantik.eu\/index.php\/wp-json\/wp\/v2\/pages\/314\/revisions\/2174"}],"wp:featuredmedia":[{"embeddable":true,"href":"https:\/\/ferien-am-atlantik.eu\/index.php\/wp-json\/wp\/v2\/media\/247"}],"wp:attachment":[{"href":"https:\/\/ferien-am-atlantik.eu\/index.php\/wp-json\/wp\/v2\/media?parent=314"}],"curies":[{"name":"wp","href":"https:\/\/api.w.org\/{rel}","templated":true}]}}