{"id":990,"date":"2016-02-14T12:02:18","date_gmt":"2016-02-14T11:02:18","guid":{"rendered":"http:\/\/ferien-am-atlantik.eu\/index.php\/bretignolles-sur-mer\/?lang=fr"},"modified":"2024-09-08T11:56:30","modified_gmt":"2024-09-08T09:56:30","slug":"bretignolles-sur-mer","status":"publish","type":"page","link":"https:\/\/ferien-am-atlantik.eu\/index.php\/bretignolles-sur-mer\/?lang=fr","title":{"rendered":"Br\u00e9tignolles-sur-Mer"},"content":{"rendered":"<p>Notre maison Les Dunes se trouve au sud de la commune de Br\u00e9tignolles sur Mer.<br \/>\nVous y trouverez commerces et de nombreux restaurants dans un p\u00e9rim\u00e8tre restreint.<\/p>\n<p>Situ\u00e9 sur la c\u00f4te de Lumi\u00e8re, une des r\u00e9gions les plus ensoleill\u00e9es de France, Br\u00e9tignolles sur Mer se trouve entre Les Sables d\u2019Olonne (env. 20 km) et Saint-Gilles-Croix-de-Vie (env.15 km).<br \/>\nL\u2019agglom\u00e9ration compte en hiver environ 5000 habitants, en \u00e9t\u00e9 dix fois plus, mais malgr\u00e9 ce grand nombre de touristes, la station ne donne jamais l\u2019impression d\u2019\u00eatre surpeupl\u00e9e, il n\u2019existe que tr\u00e8s peu d\u2019h\u00f4tels, mais principalement beaucoup de r\u00e9sidences secondaire de vacances et quelques terrains de camping, qui s\u2019\u00e9gr\u00e8nent tout au long des 13 kilom\u00e8tres de c\u00f4te. Il est cependant d\u00e9conseill\u00e9 de faire ses courses le dimanche matin au supermarch\u00e9, il semble que toute la r\u00e9gion ai eu la m\u00eame id\u00e9e.<\/p>\n<p>Un paysage entre mer, plages, dunes, bocage, for\u00eats, canaux et vignobles vous y attend. Les vins de Br\u00e8m, rouges, blancs ou ros\u00e9s, de l\u2019appellation Fiefs Vend\u00e9ens m\u00e9ritent d\u2019\u00eatre d\u00e9gust\u00e9s, bien sur avec mod\u00e9ration.<\/p>\n<p>La r\u00e9gion de Br\u00e9tignolles et Br\u00e8m sur Mer offre de nombreuses possibilit\u00e9s de divertissement, r\u00e9cup\u00e9ration er r\u00e9g\u00e9n\u00e9ration, \u00e0 chaque moment de l\u2019ann\u00e9e. La fa\u00e7ade atlantique, avec ses 13 kilom\u00e8tres de cote de plages de sable fin ou de criques invite \u00e0 pratiquer la voile, le surf, la p\u00e8che, le kite ou simplement \u00e0 nager ou \u00e0 faire de longues promenades. Les spots de surf de la Plage des Dunes ou de la Plage de la Sauzaie sont c\u00e9l\u00e8bres pour la pratique de sports aquatiques tout au long de l\u2019ann\u00e9e. Des cours d\u2019initiation ou de perfectionnement \u00e0 ces sports sont offerts Plage des Dunes 1.<\/p>\n<p>Les familles avec des enfants trouveront sur les Plages des Dunes ou de la Normandeli\u00e8re de grandes surfaces pour jouer ou se baigner, sous surveillance pendant la saison. Les enfants adoreront explorer les rochers visibles \u00e0 mar\u00e9e basse, et y p\u00eacher toutes sortes de fruits de mers, moules, crabes, bigorneaux ou d\u00e9couvrir la faune sous-marine.<\/p>\n<p>Rivi\u00e8res et lacs invitent \u00e0 canoter, le Lac des Morini\u00e8res est un lieu de p\u00e8che tr\u00e8s appr\u00e9ci\u00e9 (permis de p\u00eache n\u00e9cessaire), de m\u00eame l\u2019embouchure de l\u2019Auzance \u00e0 Br\u00e8m. La commune invite chaque ann\u00e9e \u00e0 un grand feu d\u2019artifice gratuit, pour le 14 juillet et le 15 aout.<\/p>\n<p>Pour les fervents de la petite reine, un r\u00e9seau de pistes cyclables reliant 14 communes de la r\u00e9gion est disponible. Des sentiers pi\u00e9tonniers sont tr\u00e8s entretenus, un chemin longe la c\u00f4te, la plus part directement derri\u00e8re la dune.<\/p>\n<p>De nombreuses activit\u00e9s pour les plus ou moins jeunes sont \u00e9galement disponibles, tels que minigolf, \u00e9quitation, quad, parcours sportifs, g\u00e9ocaching, patinoire, cin\u00e9ma, bowling. \u00c0 Br\u00e9tignolles se trouve le Mus\u00e9e miniature de la Vend\u00e9e, \u00e0 Br\u00e8m un parc d\u2019attraction pour enfants.<\/p>\n<p>Pendant la saison estivale, Br\u00e9tignolles offre un programme avec de nombreuses activit\u00e9s de loisirs ou \u00e9v\u00e8nements musicaux, certains gratuits, ainsi qu\u2019un spot Wifi gratuit devant la m\u00e9diath\u00e8que, dans le centre ville. Un point Wifi gratuit se trouve \u00e9galement devant l\u2019office de tourisme.<\/p>\n<p>Les amateurs de fruits de mer trouveront leur bonheur sur de nombreux march\u00e9s de la r\u00e9gion, ainsi qu\u2019au Viviers de la Corniche, le long de la c\u00f4te, dans le quartier de La Sauzaie.<\/p>\n<p>Quelques conseils pour restaurants :<br \/>\n\u2022 Cr\u00eaperie de La Normandeli\u00e8re, plage de la Normandeli\u00e8re (cr\u00eapes et moules)<br \/>\n\u2022 Atmosph\u00e9re, 57 Avenue des Dunes (env. 500 m de la maison Les Dunes)<br \/>\n\u2022 Pizz\u00e9ria Cinecitta, Rue de l\u2019\u00e9glise<br \/>\n\u2022 Les \u00c9picurieux, 6 Avenue de la Corniche<br \/>\n\u2022 La Grande Roche, 17 Avenue de la Grande Roche (traditionnel et moderne)<br \/>\n\u2022 Les Brisants, 63 Avenue de la Grande Roche (pour les fines bouches)<br \/>\n\u2022 Brasserie de l\u2019H\u00f4tel de Ville, 2 rue de l\u2019\u00e9glise (tr\u00e8s bon rapport qualit\u00e9\/prix)<br \/>\n\u2022 La Guilloni\u00e8re, 15 rue des Ridelles<br \/>\n\u2022 Les Genets, 21 Rue de l\u2019Oc\u00e9an, Br\u00e8m sur Mer (restaurant gastronomique, cot\u00e9 Michelin)<\/p>\n<p>&nbsp;<\/p>\n","protected":false},"excerpt":{"rendered":"<p>Notre maison Les Dunes se trouve au sud de la commune de Br\u00e9tignolles sur Mer. Vous y trouverez commerces et de nombreux restaurants dans un p\u00e9rim\u00e8tre restreint. Situ\u00e9 sur la c\u00f4te de Lumi\u00e8re, une des r\u00e9gions les plus ensoleill\u00e9es de France, Br\u00e9tignolles sur Mer se trouve entre Les Sables d\u2019Olonne[&#8230;]<\/p>\n","protected":false},"author":1,"featured_media":666,"parent":0,"menu_order":0,"comment_status":"closed","ping_status":"closed","template":"template-fullwidth.php","meta":{"footnotes":""},"class_list":["post-990","page","type-page","status-publish","has-post-thumbnail","hentry"],"yoast_head":"<!-- This site is optimized with the Yoast SEO plugin v27.5 - https:\/\/yoast.com\/product\/yoast-seo-wordpress\/ -->\n<title>Br\u00e9tignolles-sur-Mer &#8211; Ferien am Atlantik<\/title>\n<meta name=\"robots\" content=\"index, follow, max-snippet:-1, max-image-preview:large, max-video-preview:-1\" \/>\n<link rel=\"canonical\" href=\"https:\/\/ferien-am-atlantik.eu\/index.php\/bretignolles-sur-mer\/\" \/>\n<meta property=\"og:locale\" content=\"de_DE\" \/>\n<meta property=\"og:type\" content=\"article\" \/>\n<meta property=\"og:title\" content=\"Br\u00e9tignolles-sur-Mer &#8211; Ferien am Atlantik\" \/>\n<meta property=\"og:description\" content=\"Notre maison Les Dunes se trouve au sud de la commune de Br\u00e9tignolles sur Mer. Vous y trouverez commerces et de nombreux restaurants dans un p\u00e9rim\u00e8tre restreint. Situ\u00e9 sur la c\u00f4te de Lumi\u00e8re, une des r\u00e9gions les plus ensoleill\u00e9es de France, Br\u00e9tignolles sur Mer se trouve entre Les Sables d\u2019Olonne[...]\" \/>\n<meta property=\"og:url\" content=\"https:\/\/ferien-am-atlantik.eu\/index.php\/bretignolles-sur-mer\/?lang=fr\" \/>\n<meta property=\"og:site_name\" content=\"Ferien am Atlantik\" \/>\n<meta property=\"article:modified_time\" content=\"2024-09-08T09:56:30+00:00\" \/>\n<meta property=\"og:image\" content=\"https:\/\/ferien-am-atlantik.eu\/wp-content\/uploads\/2015\/12\/Br\u00e9tignolles-Zentrum-1024x768.jpg\" \/>\n\t<meta property=\"og:image:width\" content=\"1024\" \/>\n\t<meta property=\"og:image:height\" content=\"768\" \/>\n\t<meta property=\"og:image:type\" content=\"image\/jpeg\" \/>\n<meta name=\"twitter:card\" content=\"summary_large_image\" \/>\n<meta name=\"twitter:label1\" content=\"Gesch\u00e4tzte Lesezeit\" \/>\n\t<meta name=\"twitter:data1\" content=\"4\u00a0Minuten\" \/>\n<script type=\"application\/ld+json\" class=\"yoast-schema-graph\">{\"@context\":\"https:\\\/\\\/schema.org\",\"@graph\":[{\"@type\":\"WebPage\",\"@id\":\"https:\\\/\\\/ferien-am-atlantik.eu\\\/index.php\\\/bretignolles-sur-mer\\\/?lang=fr\",\"url\":\"https:\\\/\\\/ferien-am-atlantik.eu\\\/index.php\\\/bretignolles-sur-mer\\\/?lang=fr\",\"name\":\"Br\u00e9tignolles-sur-Mer &#8211; Ferien am Atlantik\",\"isPartOf\":{\"@id\":\"https:\\\/\\\/ferien-am-atlantik.eu\\\/#website\"},\"primaryImageOfPage\":{\"@id\":\"https:\\\/\\\/ferien-am-atlantik.eu\\\/index.php\\\/bretignolles-sur-mer\\\/?lang=fr#primaryimage\"},\"image\":{\"@id\":\"https:\\\/\\\/ferien-am-atlantik.eu\\\/index.php\\\/bretignolles-sur-mer\\\/?lang=fr#primaryimage\"},\"thumbnailUrl\":\"https:\\\/\\\/ferien-am-atlantik.eu\\\/wp-content\\\/uploads\\\/2015\\\/12\\\/Br\u00e9tignolles-Zentrum.jpg\",\"datePublished\":\"2016-02-14T11:02:18+00:00\",\"dateModified\":\"2024-09-08T09:56:30+00:00\",\"breadcrumb\":{\"@id\":\"https:\\\/\\\/ferien-am-atlantik.eu\\\/index.php\\\/bretignolles-sur-mer\\\/?lang=fr#breadcrumb\"},\"inLanguage\":\"de\",\"potentialAction\":[{\"@type\":\"ReadAction\",\"target\":[\"https:\\\/\\\/ferien-am-atlantik.eu\\\/index.php\\\/bretignolles-sur-mer\\\/?lang=fr\"]}]},{\"@type\":\"ImageObject\",\"inLanguage\":\"de\",\"@id\":\"https:\\\/\\\/ferien-am-atlantik.eu\\\/index.php\\\/bretignolles-sur-mer\\\/?lang=fr#primaryimage\",\"url\":\"https:\\\/\\\/ferien-am-atlantik.eu\\\/wp-content\\\/uploads\\\/2015\\\/12\\\/Br\u00e9tignolles-Zentrum.jpg\",\"contentUrl\":\"https:\\\/\\\/ferien-am-atlantik.eu\\\/wp-content\\\/uploads\\\/2015\\\/12\\\/Br\u00e9tignolles-Zentrum.jpg\",\"width\":4320,\"height\":3240,\"caption\":\"Br\u00e9tignolles Zentrum\"},{\"@type\":\"BreadcrumbList\",\"@id\":\"https:\\\/\\\/ferien-am-atlantik.eu\\\/index.php\\\/bretignolles-sur-mer\\\/?lang=fr#breadcrumb\",\"itemListElement\":[{\"@type\":\"ListItem\",\"position\":1,\"name\":\"Startseite\",\"item\":\"https:\\\/\\\/ferien-am-atlantik.eu\\\/\"},{\"@type\":\"ListItem\",\"position\":2,\"name\":\"Br\u00e9tignolles-sur-Mer\"}]},{\"@type\":\"WebSite\",\"@id\":\"https:\\\/\\\/ferien-am-atlantik.eu\\\/#website\",\"url\":\"https:\\\/\\\/ferien-am-atlantik.eu\\\/\",\"name\":\"Ferien am Atlantik\",\"description\":\"vendeeholiday.de\",\"publisher\":{\"@id\":\"https:\\\/\\\/ferien-am-atlantik.eu\\\/#\\\/schema\\\/person\\\/078994da84bbb35ca6d97aa989b12731\"},\"potentialAction\":[{\"@type\":\"SearchAction\",\"target\":{\"@type\":\"EntryPoint\",\"urlTemplate\":\"https:\\\/\\\/ferien-am-atlantik.eu\\\/?s={search_term_string}\"},\"query-input\":{\"@type\":\"PropertyValueSpecification\",\"valueRequired\":true,\"valueName\":\"search_term_string\"}}],\"inLanguage\":\"de\"},{\"@type\":[\"Person\",\"Organization\"],\"@id\":\"https:\\\/\\\/ferien-am-atlantik.eu\\\/#\\\/schema\\\/person\\\/078994da84bbb35ca6d97aa989b12731\",\"name\":\"craynaud\",\"logo\":{\"@id\":\"https:\\\/\\\/ferien-am-atlantik.eu\\\/#\\\/schema\\\/person\\\/image\\\/\"}}]}<\/script>\n<!-- \/ Yoast SEO plugin. -->","yoast_head_json":{"title":"Br\u00e9tignolles-sur-Mer &#8211; Ferien am Atlantik","robots":{"index":"index","follow":"follow","max-snippet":"max-snippet:-1","max-image-preview":"max-image-preview:large","max-video-preview":"max-video-preview:-1"},"canonical":"https:\/\/ferien-am-atlantik.eu\/index.php\/bretignolles-sur-mer\/","og_locale":"de_DE","og_type":"article","og_title":"Br\u00e9tignolles-sur-Mer &#8211; Ferien am Atlantik","og_description":"Notre maison Les Dunes se trouve au sud de la commune de Br\u00e9tignolles sur Mer. Vous y trouverez commerces et de nombreux restaurants dans un p\u00e9rim\u00e8tre restreint. Situ\u00e9 sur la c\u00f4te de Lumi\u00e8re, une des r\u00e9gions les plus ensoleill\u00e9es de France, Br\u00e9tignolles sur Mer se trouve entre Les Sables d\u2019Olonne[...]","og_url":"https:\/\/ferien-am-atlantik.eu\/index.php\/bretignolles-sur-mer\/?lang=fr","og_site_name":"Ferien am Atlantik","article_modified_time":"2024-09-08T09:56:30+00:00","og_image":[{"width":1024,"height":768,"url":"https:\/\/ferien-am-atlantik.eu\/wp-content\/uploads\/2015\/12\/Br\u00e9tignolles-Zentrum-1024x768.jpg","type":"image\/jpeg"}],"twitter_card":"summary_large_image","twitter_misc":{"Gesch\u00e4tzte Lesezeit":"4\u00a0Minuten"},"schema":{"@context":"https:\/\/schema.org","@graph":[{"@type":"WebPage","@id":"https:\/\/ferien-am-atlantik.eu\/index.php\/bretignolles-sur-mer\/?lang=fr","url":"https:\/\/ferien-am-atlantik.eu\/index.php\/bretignolles-sur-mer\/?lang=fr","name":"Br\u00e9tignolles-sur-Mer &#8211; Ferien am Atlantik","isPartOf":{"@id":"https:\/\/ferien-am-atlantik.eu\/#website"},"primaryImageOfPage":{"@id":"https:\/\/ferien-am-atlantik.eu\/index.php\/bretignolles-sur-mer\/?lang=fr#primaryimage"},"image":{"@id":"https:\/\/ferien-am-atlantik.eu\/index.php\/bretignolles-sur-mer\/?lang=fr#primaryimage"},"thumbnailUrl":"https:\/\/ferien-am-atlantik.eu\/wp-content\/uploads\/2015\/12\/Br\u00e9tignolles-Zentrum.jpg","datePublished":"2016-02-14T11:02:18+00:00","dateModified":"2024-09-08T09:56:30+00:00","breadcrumb":{"@id":"https:\/\/ferien-am-atlantik.eu\/index.php\/bretignolles-sur-mer\/?lang=fr#breadcrumb"},"inLanguage":"de","potentialAction":[{"@type":"ReadAction","target":["https:\/\/ferien-am-atlantik.eu\/index.php\/bretignolles-sur-mer\/?lang=fr"]}]},{"@type":"ImageObject","inLanguage":"de","@id":"https:\/\/ferien-am-atlantik.eu\/index.php\/bretignolles-sur-mer\/?lang=fr#primaryimage","url":"https:\/\/ferien-am-atlantik.eu\/wp-content\/uploads\/2015\/12\/Br\u00e9tignolles-Zentrum.jpg","contentUrl":"https:\/\/ferien-am-atlantik.eu\/wp-content\/uploads\/2015\/12\/Br\u00e9tignolles-Zentrum.jpg","width":4320,"height":3240,"caption":"Br\u00e9tignolles Zentrum"},{"@type":"BreadcrumbList","@id":"https:\/\/ferien-am-atlantik.eu\/index.php\/bretignolles-sur-mer\/?lang=fr#breadcrumb","itemListElement":[{"@type":"ListItem","position":1,"name":"Startseite","item":"https:\/\/ferien-am-atlantik.eu\/"},{"@type":"ListItem","position":2,"name":"Br\u00e9tignolles-sur-Mer"}]},{"@type":"WebSite","@id":"https:\/\/ferien-am-atlantik.eu\/#website","url":"https:\/\/ferien-am-atlantik.eu\/","name":"Ferien am Atlantik","description":"vendeeholiday.de","publisher":{"@id":"https:\/\/ferien-am-atlantik.eu\/#\/schema\/person\/078994da84bbb35ca6d97aa989b12731"},"potentialAction":[{"@type":"SearchAction","target":{"@type":"EntryPoint","urlTemplate":"https:\/\/ferien-am-atlantik.eu\/?s={search_term_string}"},"query-input":{"@type":"PropertyValueSpecification","valueRequired":true,"valueName":"search_term_string"}}],"inLanguage":"de"},{"@type":["Person","Organization"],"@id":"https:\/\/ferien-am-atlantik.eu\/#\/schema\/person\/078994da84bbb35ca6d97aa989b12731","name":"craynaud","logo":{"@id":"https:\/\/ferien-am-atlantik.eu\/#\/schema\/person\/image\/"}}]}},"_links":{"self":[{"href":"https:\/\/ferien-am-atlantik.eu\/index.php\/wp-json\/wp\/v2\/pages\/990","targetHints":{"allow":["GET"]}}],"collection":[{"href":"https:\/\/ferien-am-atlantik.eu\/index.php\/wp-json\/wp\/v2\/pages"}],"about":[{"href":"https:\/\/ferien-am-atlantik.eu\/index.php\/wp-json\/wp\/v2\/types\/page"}],"author":[{"embeddable":true,"href":"https:\/\/ferien-am-atlantik.eu\/index.php\/wp-json\/wp\/v2\/users\/1"}],"replies":[{"embeddable":true,"href":"https:\/\/ferien-am-atlantik.eu\/index.php\/wp-json\/wp\/v2\/comments?post=990"}],"version-history":[{"count":6,"href":"https:\/\/ferien-am-atlantik.eu\/index.php\/wp-json\/wp\/v2\/pages\/990\/revisions"}],"predecessor-version":[{"id":2172,"href":"https:\/\/ferien-am-atlantik.eu\/index.php\/wp-json\/wp\/v2\/pages\/990\/revisions\/2172"}],"wp:featuredmedia":[{"embeddable":true,"href":"https:\/\/ferien-am-atlantik.eu\/index.php\/wp-json\/wp\/v2\/media\/666"}],"wp:attachment":[{"href":"https:\/\/ferien-am-atlantik.eu\/index.php\/wp-json\/wp\/v2\/media?parent=990"}],"curies":[{"name":"wp","href":"https:\/\/api.w.org\/{rel}","templated":true}]}}